{"id":533,"date":"2011-01-15T12:02:27","date_gmt":"2011-01-15T11:02:27","guid":{"rendered":"http:\/\/www.tkd-wolnzach.de\/blog"},"modified":"2011-01-15T12:06:48","modified_gmt":"2011-01-15T11:06:48","slug":"beitrage","status":"publish","type":"page","link":"https:\/\/www.tkd-wolnzach.de\/blog\/beitrage","title":{"rendered":"Beitr\u00e4ge"},"content":{"rendered":"\n<table id=\"tablepress-4\" class=\"tablepress tablepress-id-4 tbody-has-connected-cells\">\n<thead>\n<tr class=\"row-1\">\n\t<th colspan=\"3\" class=\"column-1\">Vereinsbeitrag f\u00fcr die Abteilung Taekwondo TSV Wolnzach e.V.<\/th>\n<\/tr>\n<\/thead>\n<tbody class=\"row-striping row-hover\">\n<tr class=\"row-2\">\n\t<td class=\"column-1\">Kinder von 6 - 7 Jahre<\/td><td class=\"column-2\">8,50 EUR<\/td><td class=\"column-3\">pro Monat<\/td>\n<\/tr>\n<tr class=\"row-3\">\n\t<td class=\"column-1\">Kinder von 8 - 12 Jahre<\/td><td class=\"column-2\">10,00 EUR<\/td><td class=\"column-3\">pro Monat<\/td>\n<\/tr>\n<tr class=\"row-4\">\n\t<td class=\"column-1\">Jugendliche von 13 - 17 Jahre<\/td><td class=\"column-2\">11,00 EUR<\/td><td class=\"column-3\">pro Monat<\/td>\n<\/tr>\n<tr class=\"row-5\">\n\t<td class=\"column-1\">Erwachsene ab 18 Jahre<\/td><td class=\"column-2\">11,00 EUR<\/td><td class=\"column-3\">pro Monat<\/td>\n<\/tr>\n<tr class=\"row-6\">\n\t<td colspan=\"3\" class=\"column-1\">Die Beitr\u00e4ge werden halbj\u00e4hrlich abgebucht, K\u00fcndigung halbj\u00e4hrlich und schriftlich.<\/td>\n<\/tr>\n<tr class=\"row-7\">\n\t<td colspan=\"3\" class=\"column-1\">Bei einem Beitritt von drei Familienmitgliedern, ist das dritte, j\u00fcngste Mitglied kostenfrei angemeldet.<\/td>\n<\/tr>\n<\/tbody>\n<\/table>\n<!-- #tablepress-4 from cache -->\n\n<table id=\"tablepress-5\" class=\"tablepress tablepress-id-5 tbody-has-connected-cells\">\n<thead>\n<tr class=\"row-1\">\n\t<th colspan=\"4\" class=\"column-1\">Weitere Beitr\u00e4ge<\/th>\n<\/tr>\n<\/thead>\n<tbody class=\"row-striping row-hover\">\n<tr class=\"row-2\">\n\t<td colspan=\"4\" class=\"column-1\">Beitrag f\u00fcr den TSV Wolnzach e.V.<\/td>\n<\/tr>\n<tr class=\"row-3\">\n\t<td class=\"column-1\">-<\/td><td class=\"column-2\">Kinder (6 - 12 Jahre)<\/td><td class=\"column-3\">36,00 EUR<\/td><td class=\"column-4\">j\u00e4hrlich<\/td>\n<\/tr>\n<tr class=\"row-4\">\n\t<td class=\"column-1\">-<\/td><td class=\"column-2\">Jugendliche (13 - 17 Jahre)<\/td><td class=\"column-3\">36,00 EUR<\/td><td class=\"column-4\">j\u00e4hrlich<\/td>\n<\/tr>\n<tr class=\"row-5\">\n\t<td class=\"column-1\">-<\/td><td class=\"column-2\">Erwachsene (ab 18 Jahre)<\/td><td class=\"column-3\">60,00 EUR<\/td><td class=\"column-4\">j\u00e4hrlich<\/td>\n<\/tr>\n<tr class=\"row-6\">\n\t<td class=\"column-1\">-<\/td><td class=\"column-2\">Familienbeitrag (min. 2 Erwachsene und 1 Kind)<\/td><td class=\"column-3\">130,00 EUR<\/td><td class=\"column-4\">j\u00e4hrlich<\/td>\n<\/tr>\n<tr class=\"row-7\">\n\t<td colspan=\"4\" class=\"column-1\">Beitrag f\u00fcr den Fachverband (BTU)<\/td>\n<\/tr>\n<tr class=\"row-8\">\n\t<td class=\"column-1\">-<\/td><td class=\"column-2\">f\u00fcr alle Mitglieder<\/td><td class=\"column-3\">14,00 EUR<\/td><td class=\"column-4\">j\u00e4hrlich<\/td>\n<\/tr>\n<tr class=\"row-9\">\n\t<td colspan=\"4\" class=\"column-1\">Sonstiger Beitrag<\/td>\n<\/tr>\n<tr class=\"row-10\">\n\t<td class=\"column-1\">-<\/td><td class=\"column-2\">Einschreibgeb\u00fchr (inkl. DTU-Pass)<\/td><td class=\"column-3\">22,00 EUR<\/td><td class=\"column-4\">einmalig<\/td>\n<\/tr>\n<tr class=\"row-11\">\n\t<td class=\"column-1\">-<\/td><td class=\"column-2\">Pr\u00fcfungsgeb\u00fchr (Kup-Pr\u00fcfungen)<\/td><td class=\"column-3\">15,00 EUR<\/td><td class=\"column-4\">pro Kup-Pr\u00fcfung<\/td>\n<\/tr>\n<tr class=\"row-12\">\n\t<td colspan=\"4\" class=\"column-1\">Die Beitr\u00e4ge werden j\u00e4hrlich abgebucht und fallen zus\u00e4tzlich zum Vereinsbeitrag an. K\u00fcndigung nur j\u00e4hrlich und schriftlich.<\/td>\n<\/tr>\n<\/tbody>\n<\/table>\n<!-- #tablepress-5 from cache -->\n","protected":false},"excerpt":{"rendered":"","protected":false},"author":1,"featured_media":0,"parent":0,"menu_order":0,"comment_status":"open","ping_status":"closed","template":"","meta":{"ngg_post_thumbnail":0,"footnotes":""},"class_list":["post-533","page","type-page","status-publish","hentry"],"_links":{"self":[{"href":"https:\/\/www.tkd-wolnzach.de\/blog\/wp-json\/wp\/v2\/pages\/533","targetHints":{"allow":["GET"]}}],"collection":[{"href":"https:\/\/www.tkd-wolnzach.de\/blog\/wp-json\/wp\/v2\/pages"}],"about":[{"href":"https:\/\/www.tkd-wolnzach.de\/blog\/wp-json\/wp\/v2\/types\/page"}],"author":[{"embeddable":true,"href":"https:\/\/www.tkd-wolnzach.de\/blog\/wp-json\/wp\/v2\/users\/1"}],"replies":[{"embeddable":true,"href":"https:\/\/www.tkd-wolnzach.de\/blog\/wp-json\/wp\/v2\/comments?post=533"}],"version-history":[{"count":6,"href":"https:\/\/www.tkd-wolnzach.de\/blog\/wp-json\/wp\/v2\/pages\/533\/revisions"}],"predecessor-version":[{"id":539,"href":"https:\/\/www.tkd-wolnzach.de\/blog\/wp-json\/wp\/v2\/pages\/533\/revisions\/539"}],"wp:attachment":[{"href":"https:\/\/www.tkd-wolnzach.de\/blog\/wp-json\/wp\/v2\/media?parent=533"}],"curies":[{"name":"wp","href":"https:\/\/api.w.org\/{rel}","templated":true}]}}