{"id":478,"date":"2011-01-09T18:05:09","date_gmt":"2011-01-09T17:05:09","guid":{"rendered":"http:\/\/www.tkd-wolnzach.de\/blog"},"modified":"2016-11-05T12:10:17","modified_gmt":"2016-11-05T11:10:17","slug":"uber-uns","status":"publish","type":"page","link":"https:\/\/www.tkd-wolnzach.de\/blog\/uber-uns","title":{"rendered":"\u00dcber uns"},"content":{"rendered":"<div id=\"attachment_541\" style=\"width: 181px\" class=\"wp-caption alignright\"><img loading=\"lazy\" decoding=\"async\" aria-describedby=\"caption-attachment-541\" class=\"size-medium wp-image-541 \" title=\"Benedikt Aidelsburger\" src=\"http:\/\/www.tkd-wolnzach.de\/blog\/wp-content\/uploads\/2011\/01\/bene-190x300.jpg\" alt=\"Benedikt Aidelsburger, Vereinsgr\u00fcnder\" width=\"171\" height=\"270\" srcset=\"https:\/\/www.tkd-wolnzach.de\/blog\/wp-content\/uploads\/2011\/01\/bene-190x300.jpg 190w, https:\/\/www.tkd-wolnzach.de\/blog\/wp-content\/uploads\/2011\/01\/bene.jpg 393w\" sizes=\"auto, (max-width: 171px) 100vw, 171px\" \/><p id=\"caption-attachment-541\" class=\"wp-caption-text\">Benedikt Aidelsburger, Vereinsgr\u00fcnder<\/p><\/div>\n<p>Die <strong>Taekwondo-Gruppe <\/strong>wurde am 5. M\u00e4rz 1980 von <strong>Benedikt Aidelsburger <\/strong>im Kloster Eschelbach gegr\u00fcndet. Am 24.6.1982 wurde die <strong>Taekwondo-Gruppe <\/strong>offiziell eine&nbsp;Unterabteilung des <strong>TSV-Wolnzach <\/strong>und im Januar 1983 bei der <strong>Bayerischen Taekwondo Union (BTU)<\/strong> angemeldet.<\/p>\n<p>1987 f\u00fchrte <strong>Gerlinde Aidelsburger <\/strong>ein separates Kindertraining ein, an dem bis heute viele Kinder mit gro\u00dfer Begeisterung teilnehmen.<\/p>\n<p>Seit 1990 organisiert Benedikt Aidelsburger <strong>Taekwondo<\/strong> Vollkontakt Meisterschaften an denen ca. 35 Vereine beteiligt sind.<\/p>\n<p>Im Januar 1995 startete die <strong>Taekwondo-Abteilung<\/strong> mit dem Zwergerltraining f\u00fcr Kinder von f\u00fcnf bis sieben Jahren. Hier stehen Spiel, Spa\u00df und hinf\u00fchrende \u00dcbungen zum <strong>Taekwondo<\/strong> im Vordergrund.<\/p>\n<p>Im Laufe der Jahre sind aus der <strong>Taekwondo-Abteilung <\/strong>38 Schwarzgurttr\u00e4ger (DAN-Tr\u00e4ger) hervorgegangen, davon tragen 28 den 1. DAN, 7 den 2. DAN, 3 den 3. DAN und einer den 4. DAN!<\/p>\n<p>Die <strong>Taekwondo-Abteilung <\/strong>im TSV ist eine sehr engagierte und erfolgreiche Abteilung. Besonders im Wettkampf erzielten unsere Sportler national sowie international gro\u00dfe Erfolge. Mittlerweile hat sich die Abteilung Taekwondo auch in ganz Deutschland einen Namen gemacht, da mehrfache Landes- und Deutsche Meister in den Reihen der Abteilung trainieren. Sogar eine Studentenweltmeisterin und Europameisterin brachte der Verein hervor.<\/p>\n<p>\u2014\u2014\u2014\u2014\u2014\u2014\u2014\u2014\u2014\u2014\u2014\u2014\u2014\u2014\u2014\u2014\u2014\u2014\u2014\u2014\u2014\u2014\u2014\u2014\u2014\u2014\u2014\u2014\u2014\u2014\u2014\u2014\u2014\u2014\u2014\u2014\u2014\u2014\u2014\u2014\u2014\u2014\u2014\u2014\u2014\u2014\u2014\u2014\u2014\u2014\u2014\u2014\u2014\u2014<\/p>\n<p><strong>Taekwondo f\u00fcr Erwachsene<\/strong><\/p>\n<p>Haben Sie Spa\u00df an der Bewegung, sind Ihnen K\u00f6rperbeherrschung und Beweglichkeit wichtig?<\/p>\n<p>Suchen Sie die Herausforderung in den Partner- und Wettkampf\u00fcbungen oder legen Sie Wert auf Selbstverteidigung und Selbstbehauptung?<\/p>\n<p>Abstand vom Alltag gewinnen und sich einfach wieder richtig auspowern. Ruhig und konzentriert trainieren, um wieder Kraft f\u00fcr den Alltag zu sch\u00f6pfen.<\/p>\n<p><strong>Taekwondo<\/strong> bietet all das f\u00fcr jede Altersgruppe &#8211; individuell dosiert und unter kompetenter Anleitung.<\/p>\n<p>\u2014\u2014\u2014\u2014\u2014\u2014\u2014\u2014\u2014\u2014\u2014\u2014\u2014\u2014\u2014\u2014\u2014\u2014\u2014\u2014\u2014\u2014\u2014\u2014\u2014\u2014\u2014\u2014\u2014\u2014\u2014\u2014\u2014\u2014\u2014\u2014\u2014\u2014\u2014\u2014\u2014\u2014\u2014\u2014\u2014\u2014\u2014\u2014\u2014\u2014\u2014\u2014\u2014\u2014<\/p>\n<p><strong>Taekwondo f\u00fcr Kinder<\/strong><\/p>\n<p>Spiel, Spa\u00df, K\u00f6rperbeherrrschung, Geschicklichkeit und Selbstbehauptung f\u00fcr M\u00e4dchen und Jungen ab 6 Jahre.<\/p>\n<p>Zusammen mit anderen Kindern spielerisch die Kr\u00e4fte messen und sich so richtig austoben &#8211; ein anderes mal ganz konzentriert sein, mit schnellem Anlauf im Sprung treten und ganz weich auf der dicken Matte landen. Bei den Partner\u00fcbungen gilt es, Verantwortung zu lernen &#8211; f\u00fcr sich und den anderen. Mit viel Spa\u00df und Abwechslung lernt Ihr Kind im <strong>Taekwondo<\/strong> Bewegungen und Techniken kennen. In jedem Training gibt\u00b4s etwas auszuprobieren und neue Aufgaben zu bew\u00e4ltigen &#8211; mal mit Phantasie und Kreativit\u00e4t, mal mit Flei\u00df und Ausdauer. Mit allen Sinnen entdeckt Ihr Kind was in ihm steckt, entwickelt K\u00f6rperbeherrschung und st\u00e4rkt sein Selbstbewu\u00dftsein.<\/p>\n<p><strong>Taekwondo<\/strong> bedeutet f\u00fcr Ihr Kind eine umfassende K\u00f6rperschulung, Bewegungserfahrung und -erlebnis in einer spannenden Sportart.<\/p>\n<p>\u2014\u2014\u2014\u2014\u2014\u2014\u2014\u2014\u2014\u2014\u2014\u2014\u2014\u2014\u2014\u2014\u2014\u2014\u2014\u2014\u2014\u2014\u2014\u2014\u2014\u2014\u2014\u2014\u2014\u2014\u2014\u2014\u2014\u2014\u2014\u2014\u2014\u2014\u2014\u2014\u2014\u2014\u2014\u2014\u2014\u2014\u2014\u2014\u2014\u2014\u2014\u2014\u2014\u2014<\/p>\n<p><strong>Unser Konzept<\/strong><\/p>\n<p>Ganz gleich ob es Ihr Ziel ist, einfach nur wieder fit zu werden, die n\u00e4chste G\u00fcrtelpr\u00fcfung zu bestehen oder an Wettk\u00e4mpfen teilzunehmen.<\/p>\n<p><strong>Taekwondo<\/strong> gibt Ihnen die M\u00f6glichkeit auf eine ganzheitliche und interessant vielf\u00e4ltige Art und Weise Sport zu treiben.<\/p>\n<p>Funktionsgymnastik und Dehn\u00fcbungen verbessern die Beweglichkeit und die K\u00f6rperhaltung um Haltungssch\u00e4den zu vermeiden. Koordinationsschulung, vielf\u00e4ltiges Bewegen und Konzentrations\u00fcbungen bilden nicht nur im Kindertraining die Grundlage. Poomse, Partner\u00fcbungen und Grundschule vervollkommnen die Techniken. Situatives Training in Selbstverteidigung und Wettkampf erweitert Ihre Handlungskompetenzen und gibt Ihnen das Gef\u00fchl die Techniken von Mal zu Mal sicherer anwenden zu k\u00f6nnen. Mentales Training und Entspannungstechniken helfen Ihnen Ihre Leistung zu optimieren.<\/p>\n<p>Unsere Wettk\u00e4mpfer werden gezielt und umfassend auf die Meisterschaften vorbereitet.<\/p>\n<p>Individuelle Trainingssteuerung und Betreuung sind f\u00fcr uns selbstverst\u00e4ndlich.<\/p>\n","protected":false},"excerpt":{"rendered":"<p>Die Taekwondo-Gruppe wurde am 5. M\u00e4rz 1980 von Benedikt Aidelsburger im Kloster Eschelbach gegr\u00fcndet. Am 24.6.1982 wurde die Taekwondo-Gruppe offiziell eine&nbsp;Unterabteilung des TSV-Wolnzach und im Januar 1983 bei der Bayerischen Taekwondo Union (BTU) angemeldet. 1987 f\u00fchrte Gerlinde Aidelsburger ein separates Kindertraining ein, an dem bis heute viele Kinder mit gro\u00dfer Begeisterung teilnehmen. Seit 1990 organisiert [&hellip;]<\/p>\n","protected":false},"author":1,"featured_media":0,"parent":0,"menu_order":0,"comment_status":"open","ping_status":"closed","template":"","meta":{"ngg_post_thumbnail":0,"footnotes":""},"class_list":["post-478","page","type-page","status-publish","hentry"],"_links":{"self":[{"href":"https:\/\/www.tkd-wolnzach.de\/blog\/wp-json\/wp\/v2\/pages\/478","targetHints":{"allow":["GET"]}}],"collection":[{"href":"https:\/\/www.tkd-wolnzach.de\/blog\/wp-json\/wp\/v2\/pages"}],"about":[{"href":"https:\/\/www.tkd-wolnzach.de\/blog\/wp-json\/wp\/v2\/types\/page"}],"author":[{"embeddable":true,"href":"https:\/\/www.tkd-wolnzach.de\/blog\/wp-json\/wp\/v2\/users\/1"}],"replies":[{"embeddable":true,"href":"https:\/\/www.tkd-wolnzach.de\/blog\/wp-json\/wp\/v2\/comments?post=478"}],"version-history":[{"count":17,"href":"https:\/\/www.tkd-wolnzach.de\/blog\/wp-json\/wp\/v2\/pages\/478\/revisions"}],"predecessor-version":[{"id":3736,"href":"https:\/\/www.tkd-wolnzach.de\/blog\/wp-json\/wp\/v2\/pages\/478\/revisions\/3736"}],"wp:attachment":[{"href":"https:\/\/www.tkd-wolnzach.de\/blog\/wp-json\/wp\/v2\/media?parent=478"}],"curies":[{"name":"wp","href":"https:\/\/api.w.org\/{rel}","templated":true}]}}