{"id":471,"date":"2011-01-09T16:54:30","date_gmt":"2011-01-09T15:54:30","guid":{"rendered":"http:\/\/www.tkd-wolnzach.de\/blog"},"modified":"2021-08-06T13:22:35","modified_gmt":"2021-08-06T12:22:35","slug":"unser-vorstand","status":"publish","type":"page","link":"https:\/\/www.tkd-wolnzach.de\/blog\/unser-vorstand","title":{"rendered":"Unsere Abteilungsleitung"},"content":{"rendered":"<p>&nbsp;<\/p>\n<p><img loading=\"lazy\" decoding=\"async\" class=\"aligncenter size-full wp-image-6418\" src=\"https:\/\/www.tkd-wolnzach.de\/blog\/wp-content\/uploads\/2021\/08\/Abteilungsleitung_2021.png\" alt=\"\" width=\"650\" height=\"435\" srcset=\"https:\/\/www.tkd-wolnzach.de\/blog\/wp-content\/uploads\/2021\/08\/Abteilungsleitung_2021.png 650w, https:\/\/www.tkd-wolnzach.de\/blog\/wp-content\/uploads\/2021\/08\/Abteilungsleitung_2021-300x201.png 300w\" sizes=\"auto, (max-width: 650px) 100vw, 650px\" \/><\/p>\n<p style=\"text-align: center; padding-left: 30px;\"><strong>1. Abteilungsleiter:<\/strong>&nbsp;Dominik Welke<br \/>\n<strong>2. Abteilungsleiter:<\/strong>&nbsp;Vincent Fafard<br \/>\n<strong>Kassier:<\/strong>&nbsp;Daniel Frauenfelder<br \/>\n<strong>Schriftf\u00fchrer:<\/strong>&nbsp; Daniel Bauer<\/p>\n<p style=\"text-align: center; padding-left: 30px;\"><strong>Pressereferentin:<\/strong>&nbsp;Julia Heidenkampf<br \/>\n<strong>Jugendreferentin:<\/strong> Angelika Frauenfelder<br \/>\n<strong>1. Kassenpr\u00fcferin:<\/strong> Marianne Stock<br \/>\n<strong>2. Kassenpr\u00fcfer:<\/strong>&nbsp;Josef Thalmaier<br \/>\n<strong>Social Media Referentin:<\/strong> Jana Frauenfelder<br \/>\n<strong>Eventmanager:<\/strong> Alexander Spoida<\/p>\n<p style=\"text-align: center; padding-left: 30px;\">&nbsp;<\/p>\n","protected":false},"excerpt":{"rendered":"<p>&nbsp; 1. Abteilungsleiter:&nbsp;Dominik Welke 2. Abteilungsleiter:&nbsp;Vincent Fafard Kassier:&nbsp;Daniel Frauenfelder Schriftf\u00fchrer:&nbsp; Daniel Bauer Pressereferentin:&nbsp;Julia Heidenkampf Jugendreferentin: Angelika Frauenfelder 1. Kassenpr\u00fcferin: Marianne Stock 2. Kassenpr\u00fcfer:&nbsp;Josef Thalmaier Social Media Referentin: Jana Frauenfelder Eventmanager: Alexander Spoida &nbsp;<\/p>\n","protected":false},"author":1,"featured_media":0,"parent":0,"menu_order":0,"comment_status":"open","ping_status":"closed","template":"","meta":{"ngg_post_thumbnail":0,"footnotes":""},"class_list":["post-471","page","type-page","status-publish","hentry"],"_links":{"self":[{"href":"https:\/\/www.tkd-wolnzach.de\/blog\/wp-json\/wp\/v2\/pages\/471","targetHints":{"allow":["GET"]}}],"collection":[{"href":"https:\/\/www.tkd-wolnzach.de\/blog\/wp-json\/wp\/v2\/pages"}],"about":[{"href":"https:\/\/www.tkd-wolnzach.de\/blog\/wp-json\/wp\/v2\/types\/page"}],"author":[{"embeddable":true,"href":"https:\/\/www.tkd-wolnzach.de\/blog\/wp-json\/wp\/v2\/users\/1"}],"replies":[{"embeddable":true,"href":"https:\/\/www.tkd-wolnzach.de\/blog\/wp-json\/wp\/v2\/comments?post=471"}],"version-history":[{"count":24,"href":"https:\/\/www.tkd-wolnzach.de\/blog\/wp-json\/wp\/v2\/pages\/471\/revisions"}],"predecessor-version":[{"id":6421,"href":"https:\/\/www.tkd-wolnzach.de\/blog\/wp-json\/wp\/v2\/pages\/471\/revisions\/6421"}],"wp:attachment":[{"href":"https:\/\/www.tkd-wolnzach.de\/blog\/wp-json\/wp\/v2\/media?parent=471"}],"curies":[{"name":"wp","href":"https:\/\/api.w.org\/{rel}","templated":true}]}}